*g + 3*g + g - 5*g. Calculate v(8).
3
Let d = -3468 + 3468. Let r(x) = 3*x - 16. Give r(d).
-16
Suppose 0*v + 2*r + 10 = -4*v, -v - 15 = 3*r. Suppose v = 12*k + 27*k + 156. Let c(j) = j**3 + 5*j**2 + 4*j - 3. Give c(k).
-3
Let l be 0 - 0/((-10)/5). Let f(x) = -8*x + 13*x + l + 7*x**2 - 1 - 7*x. Let z be -1 + (0/(-1))/(-1). What is f(z)?
8
Let j(x) = -x**3 - 5*x**2 + 4. Let d(u) = -3*u**2 - 48*u - 196. Let a be d(-8). What is j(a)?
-12
Let s(p) = -3697*p**2 + 24 - 2*p + p**3 + 7378*p**2 - 3704*p**2. What is s(23)?
-22
Let y(c) be the first derivative of c**4/12 - 4*c**3/3 + 9*c**2/2 - 52*c - 65. Let p(i) be the first derivative of y(i). Calculate p(8).
9
Let o(z) = 1 + 40494*z**2 - 80975*z**2 + 40487*z**2 - z. Give o(5).
146
Let u(x) = -x + 22. Let i be -12 + (-76)/(-2) - 12. Calculate u(i).
8
Let n(y) = 5*y**3 - y**2 + 18*y + 18. Let a(c) = -6*c**3 + 2*c**2 - 21*c - 18. Let d(m) = 4*a(m) + 5*n(m). What is d(-3)?
0
Let j(c) = -6*c + 219. Let w(r) = -34*r + 1805. Let z be w(52). Determine j(z).
-3
Let v be ((-24)/(-2))/(4/(-14)). Let b be (-33 - -31)*98/(-4). Let y = b + v. Let u(d) = -d**3 + 6*d**2 + 8*d - 4. What is u(y)?
3
Let b be -1 - 0 - 437/(-19). Let d(x) = -b - 5*x + 4*x**2 - 2*x**2 + 24. Let t be d(2). Let j(i) = -i**3 + i**2 - i - 3. Give j(t).
-3
Let h(v) be the first derivative of -5*v**3/3 - 6*v**2 - 5*v - 1287. Calculate h(-3).
-14
Let j(a) = a**2 + 24*a + 93. Let d be j(-19). Let w(s) = -10*s**2 - 20*s + 1. Give w(d).
1
Let a(p) = -216*p - 41 - 308*p + 533*p. Determine a(6).
13
Let k(n) = 7*n - 5. Let r(o) = -3*o - 29. Let p be r(-10). Let h be k(p). Let x(a) = 39*a - 39. Let g(s) = 11*s - 11. Let b(c) = 18*g(c) - 5*x(c). What is b(h)?
3
Let s(j) = -j**3 + 6*j**2 + 8*j + 4. Suppose 0 = 2*c + 2*f - 12, -2*c + 7*f = 12*f + 3. Suppose -1 - 2 = -y + t, -t + c = y. Give s(y).
11
Let n(k) = -k**3 + 3*k - 2. Suppose 0 = 45*u - 52 + 7. Give n(u).
0
Let o(a) = -2*a**3 + 62*a**2 + 27*a - 6. Let r(x) = -x**3 + 29*x**2 + 13*x - 3. Let g(n) = 6*o(n) - 13*r(n). Let k = -5 - -3. Let m = k - -8. Determine g(m).
-3
Let c(q) = 9*q**3 - 7*q**2 - 8*q - 13. Let t(p) = -4*p**3 + 4*p**2 + 5*p + 8. Let a(g) = -6*c(g) - 10*t(g). Determine a(-1).
16
Let w(a) = -13*a + 119. Let i(b) = -11*b + 107. Let d(z) = -7*i(z) + 6*w(z). What is d(0)?
-35
Let l = 24373 + -24372. Let s(g) = 5*g**3 - g**2 - 15*g + 16. Determine s(l).
5
Let t be ((-11)/((-33)/30) - -4)*-1. Let q be (14/(-5) + 1)*(-9 - t). Let x(a) = a**3 + 9*a**2 - a - 7. Give x(q).
2
Let s(n) = 4*n - 2. Suppose 3*y - 8*y = 5*i + 970, 2*i = 3*y + 592. Let c = -193 - y. Determine s(c).
10
Let b(f) = -2*f**3 - 10*f**2 + 5*f + 10. Let y(t) = -5*t**3 - 21*t**2 + 11*t + 20. Let k(n) = -7*b(n) + 3*y(n). Suppose 435 = 12*m - 134*m + 1289. Give k(m).
-24
Suppose -3*j + 5*v = 6*v - 42, -5*j = -5*v - 70. Let m(r) = 4*r - 16. Give m(j).
40
Let f(v) = 4*v**3 + 2*v**2 + 4*v + 2. Let m = -12978 + 12977. Determine f(m).
-4
Let u(z) = -32*z - 190. Let i be ((-10)/45 + (-328)/(-18))*33/(-99). Calculate u(i).
2
Suppose 0 = 175*z - 180*z - 210. Let o be (-80)/100 + z/10. Let g(v) = -9*v**2 - v - 8. Let q(x) = -5*x**2 - 4. Let h(k) = -4*g(k) + 7*q(k). Calculate h(o).
9
Let x = -100 - -103. Let z(h) = -11*h**2 + 18*h + 1. Let j(y) = 5*y**2 - 8*y. Let i(f) = 5*j(f) + 2*z(f). Give i(x).
17
Let y(x) = -x**2 - 13*x - 11. Suppose -2*j - 5*m - 17 = 0, 11*j - 10*j = -5*m - 21. Suppose 5*g + 1 = 3*n + 10, -5*g + 17 = -j*n. Give y(n).
29
Let k(z) = 20*z + 76. Let b(n) = -15*n - 73. Let i(j) = -5*b(j) - 4*k(j). Determine i(13).
-4
Let k(r) = 8*r. Let j be (-14)/175 + 23/(-25). What is k(j)?
-8
Suppose 4*r - 32 = 4*a, 6*a - 2*a = -5*r - 14. Let f(v) be the third derivative of 223*v**2 + 0*v + 0 - 4/3*v**3 - 1/12*v**4. Give f(a).
4
Let t be (4 - (-56)/4)/(-1). Let h = t + 20. Let m(b) = 6 + 2 - h - 5 - b. What is m(-5)?
6
Let d(f) = f**3 + 6*f**2 + 2*f + 8. Suppose 16 = 5*q + 276. Let i = 46 + q. Calculate d(i).
-4
Let x(y) = 59*y + 14. Let b(u) = 310*u + 67. Let g(t) = -2*b(t) + 11*x(t). Give g(-1).
-9
Let h(v) = v - 16. Let o = 55 + -45. Suppose o*s = 7*s - 12. Let m be s/6 - 138/(-18). Determine h(m).
-9
Let m(h) = -h**3 + 2*h**2 + 3. Let b be m(3). Let w(g) = -7 - 23 + 0*g + 39 + g - 8. What is w(b)?
-5
Let c(g) be the first derivative of 2*g**3/3 + g**2 - 4*g - 3532. Give c(-6).
56
Let q(b) = 9*b - 36. Let m be 33/44*20/3. Calculate q(m).
9
Let u(o) be the first derivative of o**4/12 - o**3/6 - 15*o**2 + 108. Let l(p) be the second derivative of u(p). What is l(-2)?
-5
Let d(z) = -3*z**2 + 51*z - 54. Suppose 16*j - 13 = 12*j + 51. What is d(j)?
-6
Suppose -148*g = -89*g + 190*g + 4482. Let o(r) = r**3 + 18*r**2 + 4*r + 21. Determine o(g).
-51
Let r(a) be the third derivative of 7*a**4/24 + a**3/3 + 5*a**2. Suppose -n - 5*g = 3, -86*n = -85*n - 4*g - 6. Determine r(n).
16
Let z(w) = -53 - 54 - 6*w - 62 - 56 + 234. What is z(-11)?
75
Let h(o) = -o + 6. Let y be (-5 - (0 + 1)) + -79 + 81. Let f be 6*-1*y/8. Let w be ((-1)/f + (-8)/(-24))/(-2). Calculate h(w).
6
Let t(i) = -i**3 - 6*i**2 - i + 4. Let q = -3 - -8. Suppose d + 39 = 2*m, -m = -4*d - 7 + q. Suppose -20*a = -m*a - 12. Determine t(a).
10
Let p(x) = -54*x - 169. Suppose -1119 = 297*r + 76*r. What is p(r)?
-7
Let b(v) = -v**3 - 8*v**2 + 9*v - 15. Let l be (42/(-56))/(((-3)/(-54))/(28/42)). Calculate b(l).
-15
Let s(q) be the third derivative of 0*q - 1/120*q**6 + 0 + 5*q**2 + 2/3*q**4 + 7/30*q**5 + 1/2*q**3. Give s(15).
18
Let v(o) = o**2 - 11*o + 12. Let s be v(10). Let t(r) = 18*r + s - 3 + 19*r - 38*r. What is t(7)?
-8
Let b(u) be the third derivative of -u**6/120 + 7*u**5/60 - u**4/8 - 4*u**3/3 + u**2 + 336*u. Determine b(5).
27
Let h(z) = z**3 - 3*z**2 + 3*z - 3. Suppose 0 = -8*c + 18 + 38. Suppose -c*g = -11*g - 32. Let i be (-12)/2*((-51)/6 - g). What is h(i)?
6
Let x be 2/(-10) + (-204)/30. Let d(m) be the first derivative of -m**3/3 - 3*m**2 + 8*m - 761. What is d(x)?
1
Let v be 1/(-2*(-1)/30). Let m = 13 - v. Let q(i) = 5*i + 4. Let g be q(m). Let z(b) = b**3 + 5*b**2 - 4*b + 6. Determine z(g).
-6
Let t(d) be the second derivative of -3*d**5/20 + 7*d**4/12 - 13*d**3/6 - d**2/2 + 6755*d. What is t(2)?
-23
Let c(f) = -17*f - 31. Let u be (-1056)/(-968) + 24/(-22). Determine c(u).
-31
Let c(i) = -9*i + 5*i**2 + 5*i - 6*i**2 - 4. Let y be (-9 - -6) + 5/((-30)/12). Determine c(y).
-9
Let m(s) = -2 - 111*s - 130*s - 6*s**2 + 214*s + s**3. Let v be m(9). Let u(w) = 0*w - 3 + 1 + w - w**2. Calculate u(v).
-8
Let n(l) = l**2 + 22*l + 117. Let f be n(-12). Let g(y) = -2*y**2 - 3*y + 17. Let c(i) = -i**2 + 8. Let x(t) = f*g(t) + 5*c(t). Let w = 18 + -26. What is x(w)?
-19
Suppose 199*s - 182 = 186*s. Let b(i) = -i**2 - 5 - s*i - 8*i + 14*i. Let q be 8/3*9/(-4). Determine b(q).
7
Suppose -2*a = 2*l + 30, 11*a = 14*a - 4*l + 52. Let r be 1/4 + (-316)/a + -12. Let k(d) = d**2 - 10*d + 11. Give k(r).
-5
Let j = 4211 - 4201. Let z(b) = -b**3 + 10*b**2 + 3*b - 14. What is z(j)?
16
Let f(x) = 5*x**2 - 6*x - 5. Let w be f(-1). Suppose 0 = -6*u + 12 + w. Let h(y) = 3*y**2 - 3*y + 1. Give h(u).
19
Let t(d) = -347*d - 27 - 34 + 110*d + 112*d + 121*d. Calculate t(-11).
-17
Suppose -23 = 4*m - 55. Let p(a) = 21 - 16 + m - 2*a. Give p(6).
1
Let r(u) = -6*u + 3. Let w(p) = 11*p - 7. Suppose -4*i = -13*i + 63. Let h(f) = i*r(f) + 4*w(f). Let o(x) = x. Let q(b) = -h(b) + 4*o(b). What is q(-9)?
-11
Let k(m) = -1 + 5*m**2 + 5 - 7*m**3 + 5*m + 2*m - 3*m + m**2. Let v(p) = -5*p**3 + 5*p**2 + 2*p + 4. Let l(g) = -3*k(g) + 4*v(g). Determine l(-4).
-12
Suppose -5*v + 27 = -4*i, i = -5*v + 3*v + 3. Let y(a) = -6*a + 30. Give y(v).
12
Let n = 4262 + -4285. Let y(p) = p**2 + 19*p - 82. Give y(n).
10
Suppose -5*y + 4*n = -22, -3*y + 4*y + 3*n + 7 = 0. Let u(x) = -6*x + 3*x + y*x - 2 + 0*x. Determine u(5).
-7
Suppose 40 = -12*o + 18*o - 56. Let j(y) = -y**2 + 17*y + 7. What is j(o)?
23
Let v(t) be the first derivative of -3*t + 286 + 1/3*t**3 - t**2. Determine v(0).
-3
Let p(b) = -25*b - 99. Let q be p(-38). Let g(m) = 278 - 2*m + 282 - 2*m + 278 - q. What is g(-9)?
23
Let a = 4/2431 + 12143/7293. Let t(h) be the first derivative of 33 + 7/2*h**2 - a*h**3 + 1/4*h**4 - 5*h. Determine t(4).
7
Let y(b) = 3*b + 5*b - 10 + 44 - 1 - 16. Determine y(-3).
-7
Let o(m) = m**3 - 3*m - 1. Suppose -67*j = -15*j - 